 the remainder when 441977 is divided by 753?
719
What is the remainder when 1489597 is divided by 49?
46
What is the remainder when 6618 is divided by 530?
258
What is the remainder when 4963 is divided by 226?
217
Calculate the remainder when 1700053 is divided by 441.
439
What is the remainder when 336720 is divided by 1238?
1222
Calculate the remainder when 25394 is divided by 306.
302
Calculate the remainder when 8022 is divided by 2003.
10
Calculate the remainder when 77270 is divided by 24.
14
What is the remainder when 28966 is divided by 68?
66
What is the remainder when 7298 is divided by 1898?
1604
Calculate the remainder when 29068 is divided by 4818.
160
What is the remainder when 77338 is divided by 89?
86
What is the remainder when 5054 is divided by 91?
49
Calculate the remainder when 3105 is divided by 345.
0
Calculate the remainder when 1251 is divided by 257.
223
Calculate the remainder when 248 is divided by 53.
36
What is the remainder when 28469 is divided by 195?
194
What is the remainder when 44623 is divided by 565?
553
Calculate the remainder when 1566 is divided by 463.
177
What is the remainder when 33787 is divided by 135?
37
Calculate the remainder when 202203 is divided by 12636.
27
What is the remainder when 15369 is divided by 42?
39
What is the remainder when 18345 is divided by 734?
729
Calculate the remainder when 797 is divided by 16.
13
What is the remainder when 818 is divided by 407?
4
What is the remainder when 30373 is divided by 249?
244
Calculate the remainder when 6463 is divided by 122.
119
Calculate the remainder when 1218 is divided by 354.
156
What is the remainder when 881 is divided by 214?
25
Calculate the remainder when 170284 is divided by 17027.
14
Calculate the remainder when 32444 is divided by 10808.
20
Calculate the remainder when 1628 is divided by 261.
62
What is the remainder when 68929 is divided by 2376?
25
Calculate the remainder when 1364 is divided by 29.
1
What is the remainder when 767328 is divided by 153464?
8
What is the remainder when 40956 is divided by 13652?
0
What is the remainder when 890 is divided by 33?
32
Calculate the remainder when 1815 is divided by 122.
107
Calculate the remainder when 21426 is divided by 228.
222
What is the remainder when 392204 is divided by 124?
116
What is the remainder when 29919 is divided by 57?
51
What is the remainder when 139618 is divided by 26?
24
What is the remainder when 183750 is divided by 2?
0
What is the remainder when 29110 is divided by 69?
61
Calculate the remainder when 34210 is divided by 91.
85
Calculate the remainder when 901 is divided by 2.
1
What is the remainder when 20166 is divided by 10027?
112
Calculate the remainder when 48890 is divided by 3.
2
Calculate the remainder when 388977 is divided by 2646.
15
Calculate the remainder when 9692 is divided by 417.
101
What is the remainder when 3453 is divided by 247?
242
Calculate the remainder when 12966 is divided by 99.
96
What is the remainder when 3814 is divided by 33?
19
Calculate the remainder when 3759 is divided by 1735.
289
Calculate the remainder when 19884 is divided by 726.
282
Calculate the remainder when 50019 is divided by 23.
17
Calculate the remainder when 43703 is divided by 30.
23
Calculate the remainder when 2327 is divided by 95.
47
Calculate the remainder when 207490 is divided by 76.
10
Calculate the remainder when 129694 is divided by 455.
19
What is the remainder when 2490 is divided by 109?
92
Calculate the remainder when 12607 is divided by 3083.
275
What is the remainder when 95933 is divided by 220?
13
Calculate the remainder when 353681 is divided by 11.
9
Calculate the remainder when 8317 is divided by 639.
10
What is the remainder when 8970 is divided by 17?
11
Calculate the remainder when 2503 is divided by 610.
63
Calculate the remainder when 33784 is divided by 1978.
158
Calculate the remainder when 334222 is divided by 13368.
22
What is the remainder when 33755 is divided by 2812?
11
What is the remainder when 2519 is divided by 69?
35
What is the remainder when 60798 is divided by 4051?
33
What is the remainder when 4212 is divided by 324?
0
Calculate the remainder when 34986 is divided by 109.
106
What is the remainder when 679704 is divided by 5?
4
What is the remainder when 42563 is divided by 343?
31
What is the remainder when 156261 is divided by 766?
763
What is the remainder when 1617 is divided by 784?
49
Calculate the remainder when 35181 is divided by 11.
3
What is the remainder when 5850 is divided by 154?
152
What is the remainder when 1351 is divided by 2?
1
What is the remainder when 621602 is divided by 222?
2
Calculate the remainder when 2792 is divided by 52.
36
Calculate the remainder when 473 is divided by 393.
80
What is the remainder when 34384 is divided by 24?
16
What is the remainder when 4085 is divided by 102?
5
Calculate the remainder when 593 is divided by 35.
33
What is the remainder when 467 is divided by 446?
21
Calculate the remainder when 72427 is divided by 72407.
20
What is the remainder when 943913 is divided by 1043?
1041
What is the remainder when 2268 is divided by 1019?
230
Calculate the remainder when 1899 is divided by 27.
9
Calculate the remainder when 13172 is divided by 155.
152
What is the remainder when 82791 is divided by 38?
27
Calculate the remainder when 2696097 is divided by 76.
73
Calculate the remainder when 13404 is divided by 278.
60
Calculate the remainder when 2045 is divided by 343.
330
Calculate the remainder when 2469 is divided by 103.
100
What is the remainder when 45378 is divided by 334?
288
Calculate the remainder when 3741 is divided by 3723.
18
Calculate the remainder when 5613 is divided by 194.
181
What is the remainder when 1943 is divided by 726?
491
Calculate the remainder when 2602 is divided by 859.
25
Calculate the remainder when 9844 is divided by 11.
10
What is the remainder when 18834 is divided by 1345?
4
What is the remainder when 1662 is divided by 83?
2
Calculate the remainder when 763 is divided by 681.
82
Calculate the remainder when 1628772 is divided by 25.
22
Calculate the remainder when 34693 is divided by 570.
493
Calculate the remainder when 183391 is divided by 204.
199
Calculate the remainder when 15290 is divided by 7639.
12
What is the remainder when 1156 is divided by 61?
58
Calculate the remainder when 62554 is divided by 20842.
28
Calculate the remainder when 4424 is divided by 278.
254
What is the remainder when 97720 is divided by 358?
344
What is the remainder when 51352 is divided by 74?
70
Calculate the remainder when 1010 is divided by 146.
134
Calculate the remainder when 18512 is divided by 121.
120
What is the remainder when 118596 is divided by 41?
24
What is the remainder when 132937 is divided by 46?
43
What is the remainder when 836 is divided by 276?
8
What is the remainder when 25467 is divided by 542?
535
Calculate the remainder when 810678 is divided by 65.
63
Calculate the remainder when 5585 is divided by 69.
65
What is the remainder when 7116 is divided by 1776?
12
What is the remainder when 1576559 is divided by 7?
5
What is the remainder when 1251 is divided by 302?
43
What is the remainder when 10551 is divided by 1743?
93
Calculate the remainder when 8848 is divided by 159.
103
What is the remainder when 3742 is divided by 16?
14
What is the remainder when 143424 is divided by 102?
12
What is the remainder when 31275 is divided by 46?
41
Calculate the remainder when 3403 is divided by 376.
19
What is the remainder when 238050 is divided by 77?
43
Calculate the remainder when 1405 is divided by 1385.
20
What is the remainder when 29345 is divided by 7330?
25
Calculate the remainder when 418732 is divided by 60.
52
What is the remainder when 434 is divided by 165?
104
What is the remainder when 20059 is divided by 19989?
70
What is the remainder when 84461 is divided by 42223?
15
Calculate the remainder when 749947 is divided by 223.
221
Calculate the remainder when 12278 is divided by 51.
38
What is the remainder when 89633 is divided by 41?
7
Calculate the remainder when 50664 is divided by 127.
118
Calculate the remainder when 179605 is divided by 71.
46
Calculate the remainder when 25007 is divided b